{"id":16805,"date":"2019-01-05T13:13:40","date_gmt":"2019-01-05T12:13:40","guid":{"rendered":"https:\/\/www.hotelmionipezzato.it\/jobs\/?page_id=16805"},"modified":"2019-10-23T18:45:12","modified_gmt":"2019-10-23T16:45:12","slug":"brand-culture-promise","status":"publish","type":"page","link":"https:\/\/www.hotelmionipezzato.it\/jobs\/brand-culture-promise\/","title":{"rendered":"Brand Culture &#038; Promise"},"content":{"rendered":"<p><div class=\"fusion-fullwidth fullwidth-box fusion-builder-row-1 nonhundred-percent-fullwidth non-hundred-percent-height-scrolling\" style=\"background-color: rgba(255,255,255,0);background-position: left top;background-repeat: no-repeat;padding-top:0px;padding-right:0px;padding-bottom:0px;padding-left:0px;margin-bottom: 0px;margin-top: 0px;border-width: 0px 0px 0px 0px;border-color:#eae9e9;border-style:solid;\" ><div class=\"fusion-builder-row fusion-row\"><div class=\"fusion-layout-column fusion_builder_column fusion-builder-column-0 fusion_builder_column_1_1 1_1 fusion-one-full fusion-column-first fusion-column-last\" style=\"margin-top:50px;margin-bottom:50px;\"><div class=\"fusion-column-wrapper fusion-flex-column-wrapper-legacy\" style=\"background-position:left top;background-repeat:no-repeat;-webkit-background-size:cover;-moz-background-size:cover;-o-background-size:cover;background-size:cover;padding: 0px 0px 0px 0px;\"><style type=\"text\/css\"><\/style><div class=\"fusion-title title fusion-title-1 fusion-sep-none fusion-title-text fusion-title-size-one\" style=\"margin-top:0px;margin-bottom:0px;\"><h1 class=\"title-heading-left\" style=\"margin:0;\"><h1><b>BRAND PROMISE<\/b><\/h1><\/h1><\/div><div class=\"fusion-sep-clear\"><\/div><div class=\"fusion-separator fusion-full-width-sep\" style=\"margin-left: auto;margin-right: auto;margin-bottom:30px;width:100%;\"><div class=\"fusion-separator-border sep-single sep-solid\" style=\"border-color:#55a098;border-top-width:2px;\"><\/div><\/div><div class=\"fusion-sep-clear\"><\/div><div class=\"fusion-text fusion-text-1\" style=\"transform:translate3d(0,0,0);\"><p><b>Mioni Pezzato: rifugio rigenerante per il corpo e la mente!<\/b><br \/>\nIl Mioni Pezzato \u00e8 un luogo unico dove l\u2019innovazione di ambienti di nuova concezione sposa la tradizione di oltre 100 anni di cultura dell\u2019ospitalit\u00e0.<br \/>\nLe ancestrali propriet\u00e0 dell\u2019acqua\u00a0delle nostre tre fonti sono il segreto del Giardino Termale:\u00a0 un rifugio esclusivo dove perdersi e ritrovarsi scoprendo: 6 piscine , 15 vasche , 100 postazioni idromassaggio,1200 m2 d\u2019acqua\u00a0 20000m2 di parco.<br \/>\nI nostri ospiti potranno godere dalla forza curativa beneficante della nostra argilla bio-termale, di trattamenti fitoterapici che racchiudono l\u2019essenza dalle piante officinali del Paro dei Colli Euganei, di percorsi massoterapici rivitalizzanti su misura, di un servizio appassionato e tranquillamente dinamico, di una filosofia di \u201ccucina salute\u201d che vuole nutrire il corpo e appagare lo spirito.<br \/>\nTutto questo fa del Mioni Pezzato un luogo unico dove prendersi cura di s\u00e9 e di chi amiamo!<\/p>\n<p><strong>Che tipo di contributo vogliamo dare al nostro territorio?<\/strong><br \/>\nVogliamo alzare l\u2019asticella, cercando per quanto possibile di essere stimolo per l\u2019altrui miglioramento. Consci che i punti di forza dei singoli influiscono sulla percezione globale della destinazione.<\/p>\n<\/div><div class=\"fusion-clearfix\"><\/div><\/div><\/div><\/div><\/div><div class=\"fusion-fullwidth fullwidth-box fusion-builder-row-2 nonhundred-percent-fullwidth non-hundred-percent-height-scrolling\" style=\"background-color: rgba(255,255,255,0);background-position: left top;background-repeat: no-repeat;padding-top:0px;padding-right:0px;padding-bottom:0px;padding-left:0px;margin-bottom: 0px;margin-top: 0px;border-width: 0px 0px 0px 0px;border-color:#eae9e9;border-style:solid;\" ><div class=\"fusion-builder-row fusion-row\"><div class=\"fusion-layout-column fusion_builder_column fusion-builder-column-1 fusion_builder_column_1_1 1_1 fusion-one-full fusion-column-first fusion-column-last\" style=\"margin-top:0px;margin-bottom:0px;\"><div class=\"fusion-column-wrapper fusion-flex-column-wrapper-legacy\" style=\"background-position:left top;background-repeat:no-repeat;-webkit-background-size:cover;-moz-background-size:cover;-o-background-size:cover;background-size:cover;padding: 0px 0px 0px 0px;\"><style type=\"text\/css\"><\/style><div class=\"fusion-title title fusion-title-2 fusion-sep-none fusion-title-text fusion-title-size-one\" style=\"margin-top:0px;margin-bottom:0px;\"><h1 class=\"title-heading-left\" style=\"margin:0;\"><h1><b>BRAND CULTURE<\/b><\/h1><\/h1><\/div><div class=\"fusion-sep-clear\"><\/div><div class=\"fusion-separator fusion-full-width-sep\" style=\"margin-left: auto;margin-right: auto;margin-bottom:30px;width:100%;\"><div class=\"fusion-separator-border sep-single sep-solid\" style=\"border-color:#55a098;border-top-width:2px;\"><\/div><\/div><div class=\"fusion-sep-clear\"><\/div><div class=\"fusion-text fusion-text-2\" style=\"transform:translate3d(0,0,0);\"><p>Al fine di esplicitare il <strong>DNA<\/strong> del <strong>MIONI PEZZATO<\/strong> ci teniamo ad esprimere in maniera chiara i <strong>VALORI <\/strong>che riteniamo piu\u2019 importanti all\u2019interno della nostra casa:<\/p>\n<\/div><div class=\"fusion-clearfix\"><\/div><\/div><\/div><div class=\"fusion-layout-column fusion_builder_column fusion-builder-column-2 fusion_builder_column_1_1 1_1 fusion-one-full fusion-column-first fusion-column-last fusion-column-no-min-height\" style=\"margin-top:0px;margin-bottom:50px;\"><div class=\"fusion-column-wrapper fusion-flex-column-wrapper-legacy\" style=\"background-position:left top;background-repeat:no-repeat;-webkit-background-size:cover;-moz-background-size:cover;-o-background-size:cover;background-size:cover;padding: 0px 0px 0px 0px;\"><style type=\"text\/css\"><\/style><div class=\"fusion-title title fusion-title-3 fusion-sep-none fusion-title-text fusion-title-size-one\" style=\"margin-top:0px;margin-bottom:0px;\"><h1 class=\"title-heading-left\" style=\"margin:0;\"><h3>Valori Aziendali<\/h3><\/h1><\/div><div class=\"fusion-sep-clear\"><\/div><div class=\"fusion-separator fusion-full-width-sep\" style=\"margin-left: auto;margin-right: auto;width:100%;\"><div class=\"fusion-separator-border sep-single sep-solid\" style=\"border-color:#e0dede;border-top-width:1px;\"><\/div><\/div><div class=\"fusion-sep-clear\"><\/div><ul class=\"fusion-checklist fusion-checklist-1\" style=\"font-size:14px;line-height:23.8px;\"><li class=\"fusion-li-item\"><span style=\"height:23.8px;width:23.8px;margin-right:9.8px;\" class=\"icon-wrapper circle-no\"><i class=\"fusion-li-icon fa fa-check\" style=\"color:#549f97;\" aria-hidden=\"true\"><\/i><\/span><div class=\"fusion-li-item-content\" style=\"margin-left:33.6px;\">\n<p><b>AMIAMO IL NOSTRO LAVORO<\/b><br \/>\nPer farlo bene dobbiamo avere <b>PASSIONE <\/b>per l\u2019ospitalit\u00e0 ed amare <b>PRENDERCI CURA <\/b>dei nostri ospiti.<\/p>\n<\/div><\/li><li class=\"fusion-li-item\"><span style=\"height:23.8px;width:23.8px;margin-right:9.8px;\" class=\"icon-wrapper circle-no\"><i class=\"fusion-li-icon fa fa-check\" style=\"color:#549f97;\" aria-hidden=\"true\"><\/i><\/span><div class=\"fusion-li-item-content\" style=\"margin-left:33.6px;\">\n<p><b>RESPONSABILITA<\/b>\u2019, <b>ONESTA<\/b>\u2019, <b>CORRETTEZZA <\/b>e <b>MERITOCRAZIA <\/b><br \/>\nRappresentano i cardini della nostra cultura aziendale.<\/p>\n<\/div><\/li><li class=\"fusion-li-item\"><span style=\"height:23.8px;width:23.8px;margin-right:9.8px;\" class=\"icon-wrapper circle-no\"><i class=\"fusion-li-icon fa fa-check\" style=\"color:#549f97;\" aria-hidden=\"true\"><\/i><\/span><div class=\"fusion-li-item-content\" style=\"margin-left:33.6px;\">\n<p><b>PERSEVERANZA <\/b>e <b>DINAMICITA<\/b>\u2019<br \/>\nAbbiamo un ritmo di lavoro molto intenso ma quando il gioco si fa duro non molliamo e sappiamo reagire.<\/p>\n<\/div><\/li><li class=\"fusion-li-item\"><span style=\"height:23.8px;width:23.8px;margin-right:9.8px;\" class=\"icon-wrapper circle-no\"><i class=\"fusion-li-icon fa fa-check\" style=\"color:#549f97;\" aria-hidden=\"true\"><\/i><\/span><div class=\"fusion-li-item-content\" style=\"margin-left:33.6px;\">\n<p><b>LEALTA <\/b>e <b>LAVORO DI SQUADRA<\/b><br \/>\nSolo lavorando come una squadra, vicendevolmente leale, si possono amplificare i punti di forza dei singoli.\u00a0 \u00c8 importante amare il lavoro di squadra per far parte della nostra \u201ccomunit\u00e0\u201d.<\/p>\n<\/div><\/li><li class=\"fusion-li-item\"><span style=\"height:23.8px;width:23.8px;margin-right:9.8px;\" class=\"icon-wrapper circle-no\"><i class=\"fusion-li-icon fa fa-check\" style=\"color:#549f97;\" aria-hidden=\"true\"><\/i><\/span><div class=\"fusion-li-item-content\" style=\"margin-left:33.6px;\">\n<p><b>AMIAMO L\u2019ORGANIZZAZIONE, LE PROCEDURE E LA FORMAZIONE<\/b><br \/>\nLe nostre procedure operative sono le fondamenta della nostra professionalit\u00e0. Chiediamo a tutti i nostri collaboratori di condividerle, rispettale ed esserne i garanti. Crediamo fortemente nel valore della formazione come strumento di crescita personale ed aziendale.<\/p>\n<\/div><\/li><li class=\"fusion-li-item\"><span style=\"height:23.8px;width:23.8px;margin-right:9.8px;\" class=\"icon-wrapper circle-no\"><i class=\"fusion-li-icon fa fa-check\" style=\"color:#549f97;\" aria-hidden=\"true\"><\/i><\/span><div class=\"fusion-li-item-content\" style=\"margin-left:33.6px;\">\n<p><b>FLESSIBILITA<\/b>\u2019 e <b>CREATIVITA<\/b>\u2019<br \/>\nAnche se ci piace essere organizzati molte volte il nostro mestiere \u00e8 imprevedibile, lo amiamo anche per questo! Perch\u00e9 fermarsi non \u00e8 mai un\u2019opzione e dobbiamo essere sempre in grado di pensare a differenti alternative esercitando un pensiero creativo!<\/p>\n<\/div><\/li><li class=\"fusion-li-item\"><span style=\"height:23.8px;width:23.8px;margin-right:9.8px;\" class=\"icon-wrapper circle-no\"><i class=\"fusion-li-icon fa fa-check\" style=\"color:#549f97;\" aria-hidden=\"true\"><\/i><\/span><div class=\"fusion-li-item-content\" style=\"margin-left:33.6px;\">\n<p><b>POSITIVITA<\/b>\u2019<br \/>\nAmiamo risolvere le problematiche. Siamo positivi e proattivi.<\/p>\n<\/div><\/li><\/ul><div class=\"fusion-clearfix\"><\/div><\/div><\/div><\/div><\/div><div class=\"fusion-fullwidth fullwidth-box fusion-builder-row-3 nonhundred-percent-fullwidth non-hundred-percent-height-scrolling\" style=\"background-color: rgba(255,255,255,0);background-position: left top;background-repeat: no-repeat;padding-top:0px;padding-right:0px;padding-bottom:0px;padding-left:0px;margin-bottom: 0px;margin-top: 0px;border-width: 0px 0px 0px 0px;border-color:#eae9e9;border-style:solid;\" ><div class=\"fusion-builder-row fusion-row\"><div class=\"fusion-layout-column fusion_builder_column fusion-builder-column-3 fusion_builder_column_1_1 1_1 fusion-one-full fusion-column-first fusion-column-last\" style=\"margin-top:0px;margin-bottom:0px;\"><div class=\"fusion-column-wrapper fusion-flex-column-wrapper-legacy\" style=\"background-position:left top;background-repeat:no-repeat;-webkit-background-size:cover;-moz-background-size:cover;-o-background-size:cover;background-size:cover;padding: 0px 0px 0px 0px;\"><style type=\"text\/css\"><\/style><div class=\"fusion-title title fusion-title-4 fusion-sep-none fusion-title-text fusion-title-size-one\" style=\"margin-top:0px;margin-bottom:0px;\"><h1 class=\"title-heading-left\" style=\"margin:0;\"><h1><b>VISION<\/b><\/h1><\/h1><\/div><div class=\"fusion-sep-clear\"><\/div><div class=\"fusion-separator fusion-full-width-sep\" style=\"margin-left: auto;margin-right: auto;margin-bottom:30px;width:100%;\"><div class=\"fusion-separator-border sep-single sep-solid\" style=\"border-color:#55a098;border-top-width:2px;\"><\/div><\/div><div class=\"fusion-sep-clear\"><\/div><div class=\"fusion-text fusion-text-3\" style=\"transform:translate3d(0,0,0);\"><p>Le nostre convinzioni ispirano il futuro che vorremmo realizzare:<\/p>\n<\/div><div class=\"fusion-clearfix\"><\/div><\/div><\/div><div class=\"fusion-layout-column fusion_builder_column fusion-builder-column-4 fusion_builder_column_1_1 1_1 fusion-one-full fusion-column-first fusion-column-last fusion-column-no-min-height\" style=\"margin-top:0px;margin-bottom:50px;\"><div class=\"fusion-column-wrapper fusion-flex-column-wrapper-legacy\" style=\"background-position:left top;background-repeat:no-repeat;-webkit-background-size:cover;-moz-background-size:cover;-o-background-size:cover;background-size:cover;padding: 0px 0px 0px 0px;\"><div class=\"fusion-text fusion-text-4\" style=\"transform:translate3d(0,0,0);\"><p>Vogliamo prenderci cura dei nostri clienti, dei nostri collaboratori e della nostra casa. Aneliamo al costante miglioramento lavorando in maniera coerente, trasparente e stimolante per <strong>essere e rimanere rifugio rigenerante per corpo e mente<\/strong>.<\/p>\n<\/div><div class=\"fusion-clearfix\"><\/div><\/div><\/div><\/div><\/div><div class=\"fusion-fullwidth fullwidth-box fusion-builder-row-4 nonhundred-percent-fullwidth non-hundred-percent-height-scrolling\" style=\"background-color: rgba(255,255,255,0);background-position: left top;background-repeat: no-repeat;padding-top:0px;padding-right:0px;padding-bottom:0px;padding-left:0px;margin-bottom: 0px;margin-top: 0px;border-width: 0px 0px 0px 0px;border-color:#eae9e9;border-style:solid;\" ><div class=\"fusion-builder-row fusion-row\"><div class=\"fusion-layout-column fusion_builder_column fusion-builder-column-5 fusion_builder_column_1_1 1_1 fusion-one-full fusion-column-first fusion-column-last\" style=\"margin-top:0px;margin-bottom:0px;\"><div class=\"fusion-column-wrapper fusion-flex-column-wrapper-legacy\" style=\"background-position:left top;background-repeat:no-repeat;-webkit-background-size:cover;-moz-background-size:cover;-o-background-size:cover;background-size:cover;padding: 0px 0px 0px 0px;\"><style type=\"text\/css\"><\/style><div class=\"fusion-title title fusion-title-5 fusion-sep-none fusion-title-text fusion-title-size-one\" style=\"margin-top:0px;margin-bottom:0px;\"><h1 class=\"title-heading-left\" style=\"margin:0;\"><h1><b>MISSION<\/b><\/h1><\/h1><\/div><div class=\"fusion-clearfix\"><\/div><\/div><\/div><div class=\"fusion-layout-column fusion_builder_column fusion-builder-column-6 fusion_builder_column_1_1 1_1 fusion-one-full fusion-column-first fusion-column-last fusion-column-no-min-height\" style=\"margin-top:0px;margin-bottom:50px;\"><div class=\"fusion-column-wrapper fusion-flex-column-wrapper-legacy\" style=\"background-position:left top;background-repeat:no-repeat;-webkit-background-size:cover;-moz-background-size:cover;-o-background-size:cover;background-size:cover;padding: 0px 0px 0px 0px;\"><div class=\"fusion-sep-clear\"><\/div><div class=\"fusion-separator fusion-full-width-sep\" style=\"margin-left: auto;margin-right: auto;margin-bottom:30px;width:100%;\"><div class=\"fusion-separator-border sep-single sep-solid\" style=\"border-color:#55a098;border-top-width:2px;\"><\/div><\/div><div class=\"fusion-sep-clear\"><\/div><div class=\"fusion-text fusion-text-5\" style=\"transform:translate3d(0,0,0);\"><p><b>Lavorare con passione, professionalit\u00e0, perseveranza e soddisfazione per essere il miglior hotel termale rigenerante d\u2019Italia !<\/b><\/p>\n<p>Per riuscirci \u00e8 nostro dovere sviluppare ed affinare in maniera armonica tutti gli aspetti del\u00a0<b>triangolo magico<\/b>:<\/p>\n<\/div><ul class=\"fusion-checklist fusion-checklist-2\" style=\"font-size:14px;line-height:23.8px;\"><li class=\"fusion-li-item\"><span style=\"height:23.8px;width:23.8px;margin-right:9.8px;\" class=\"icon-wrapper circle-no\"><i class=\"fusion-li-icon fa fa-check\" style=\"color:#549f97;\" aria-hidden=\"true\"><\/i><\/span><div class=\"fusion-li-item-content\" style=\"margin-left:33.6px;\"><b>Clientela soddisfatta<\/b><br \/>\nAbbiamo la responsabilit\u00e0 di rigenerare nel corpo e nella mente i nostri clienti: dobbiamo renderli felici.<\/div><\/li><li class=\"fusion-li-item\"><span style=\"height:23.8px;width:23.8px;margin-right:9.8px;\" class=\"icon-wrapper circle-no\"><i class=\"fusion-li-icon fa fa-check\" style=\"color:#549f97;\" aria-hidden=\"true\"><\/i><\/span><div class=\"fusion-li-item-content\" style=\"margin-left:33.6px;\"><b>Personale contento<\/b><br \/>\n\u00e8 importante che i nostri collaboratori siano fieri e soddisfatti del proprio lavoro e che siano supportati nella loro crescita professionale.<\/div><\/li><li class=\"fusion-li-item\"><span style=\"height:23.8px;width:23.8px;margin-right:9.8px;\" class=\"icon-wrapper circle-no\"><i class=\"fusion-li-icon fa fa-check\" style=\"color:#549f97;\" aria-hidden=\"true\"><\/i><\/span><div class=\"fusion-li-item-content\" style=\"margin-left:33.6px;\"><b> Azienda di successo<\/b><br \/>\nPer rimanere competitiva l\u2019azienda deve essere in grado di generare le risorse necessarie al suo costante miglioramento.<\/div><\/li><\/ul><div class=\"fusion-sep-clear\"><\/div><div class=\"fusion-separator fusion-full-width-sep\" style=\"margin-left: auto;margin-right: auto;margin-top:30px;margin-bottom:30px;width:100%;\"><div class=\"fusion-separator-border sep-single sep-solid\" style=\"border-color:#e0dede;border-top-width:1px;\"><\/div><\/div><div class=\"fusion-sep-clear\"><\/div><div class=\"fusion-text fusion-text-6\" style=\"transform:translate3d(0,0,0);\"><p><b>Che strategie applichiamo per vincere la nostra missione ?<\/b><\/p>\n<\/div><ul class=\"fusion-checklist fusion-checklist-3\" style=\"font-size:14px;line-height:23.8px;\"><li class=\"fusion-li-item\"><span style=\"height:23.8px;width:23.8px;margin-right:9.8px;\" class=\"icon-wrapper circle-no\"><i class=\"fusion-li-icon fa fa-check\" style=\"color:#549f97;\" aria-hidden=\"true\"><\/i><\/span><div class=\"fusion-li-item-content\" style=\"margin-left:33.6px;\"><b>Clientela soddisfatta<\/b><br \/>\nSiamo orientati al servizio, mettendoci nei panni dei nostri clienti ed anticipando i loro bisogni.<br \/>\nAttraverso l\u2019ascolto attivo di tutto il personale, l\u2019interazione con la reception e i questionari di gradimento possiamo intercettare e risolvere eventuali problematiche cercando di perseguire la soddisfazione dei nostri clienti.<\/div><\/li><li class=\"fusion-li-item\"><span style=\"height:23.8px;width:23.8px;margin-right:9.8px;\" class=\"icon-wrapper circle-no\"><i class=\"fusion-li-icon fa fa-check\" style=\"color:#549f97;\" aria-hidden=\"true\"><\/i><\/span><div class=\"fusion-li-item-content\" style=\"margin-left:33.6px;\"><b>Personale contento<\/b><br \/>\nFunziona se abbiamo valori comuni e tutti li rispettano. Per farlo comunichiamo in maniera chiara e comprensibile qual\u2019 \u00e8 la cosa giusta da fare attraverso le nostre procedure.<br \/>\nRispettiamo la nostra parola e onoriamo il merito spingendo i nostri collaboratori a migliorarsi ogni giorno.<br \/>\nOffriamo un piano formativo d\u2019eccellenza affinch\u00e9 lavorare al Mioni Pezzato diventi un\u2019opportunit\u00e0 di arricchimento professionale e personale.<\/div><\/li><li class=\"fusion-li-item\"><span style=\"height:23.8px;width:23.8px;margin-right:9.8px;\" class=\"icon-wrapper circle-no\"><i class=\"fusion-li-icon fa fa-check\" style=\"color:#549f97;\" aria-hidden=\"true\"><\/i><\/span><div class=\"fusion-li-item-content\" style=\"margin-left:33.6px;\">\n<p><b> Azienda di successo<\/b><br \/>\nLa nostra azienda \u00e8 fortemente orientata al successo, vogliamo crescere e migliorarci ogni giorno perch\u00e9 pensiamo sia vitale per salvaguardare il presente e assicurare il futuro!<br \/>\nPer farlo dobbiamo avere una strategia decisionale basata su dati concreti, diventa quindi fondamentale un controllo di gestione che possa fornire un valido supporto sia alle scelte operative di ogni giorno sia a quelle strategiche.<\/p>\n<\/div><\/li><\/ul><div class=\"fusion-clearfix\"><\/div><\/div><\/div><\/div><\/div><\/p>\n","protected":false},"excerpt":{"rendered":"","protected":false},"author":1,"featured_media":0,"parent":0,"menu_order":0,"comment_status":"closed","ping_status":"closed","template":"100-width.php","meta":[],"_links":{"self":[{"href":"https:\/\/www.hotelmionipezzato.it\/jobs\/wp-json\/wp\/v2\/pages\/16805"}],"collection":[{"href":"https:\/\/www.hotelmionipezzato.it\/jobs\/wp-json\/wp\/v2\/pages"}],"about":[{"href":"https:\/\/www.hotelmionipezzato.it\/jobs\/wp-json\/wp\/v2\/types\/page"}],"author":[{"embeddable":true,"href":"https:\/\/www.hotelmionipezzato.it\/jobs\/wp-json\/wp\/v2\/users\/1"}],"replies":[{"embeddable":true,"href":"https:\/\/www.hotelmionipezzato.it\/jobs\/wp-json\/wp\/v2\/comments?post=16805"}],"version-history":[{"count":45,"href":"https:\/\/www.hotelmionipezzato.it\/jobs\/wp-json\/wp\/v2\/pages\/16805\/revisions"}],"predecessor-version":[{"id":18377,"href":"https:\/\/www.hotelmionipezzato.it\/jobs\/wp-json\/wp\/v2\/pages\/16805\/revisions\/18377"}],"wp:attachment":[{"href":"https:\/\/www.hotelmionipezzato.it\/jobs\/wp-json\/wp\/v2\/media?parent=16805"}],"curies":[{"name":"wp","href":"https:\/\/api.w.org\/{rel}","templated":true}]}}